*(-882840)/(-1470). Let t = 2322 - 978. What is the highest common factor of l and t?
84
Suppose -2*s = 5*t + 12 - 18, 5*s = 4*t + 15. What is the highest common factor of 2895 and s?
3
Suppose 0 = -4*g + 7 - 19. Let z be 13 + (-6)/(-3)*g. Calculate the greatest common divisor of z and 7.
7
Suppose -h + 74 = 2*f, f + 117 = 4*h - 134. Suppose -c - 3*p + 68 = 0, -2*p + h = 2*c - 76. What is the greatest common divisor of 923 and c?
71
Suppose -2*y - 6 = r, 3*y - 3 + 6 = 0. Let i(t) = -98*t + 24. Let f be i(r). Calculate the greatest common divisor of f and 52.
52
Suppose 0*r - 4*l - 27 = r, -3*r = l + 114. Let c = r + 43. Suppose c*s - 1 = 5*s, 3*s = i - 59. Calculate the highest common factor of i and 8.
8
Let f be ((-2)/6)/(0 - 3/324). Calculate the greatest common factor of 1143 and f.
9
Let m be ((-140)/42)/((-24)/33300). Calculate the highest common divisor of m and 75.
25
Let j(q) = 2*q**2 + 14*q + 54. Suppose 21*g + 120 = 6*g. Let x be j(g). Calculate the highest common factor of 10 and x.
10
Let o = 2191 + -2158. Calculate the greatest common divisor of o and 11649.
33
Let v(q) = -145 + 25*q + 10*q - 7*q - 7*q. Let w be v(25). Calculate the highest common factor of 19 and w.
19
Let b be (16/(-20) - 9/15)*-30. Calculate the greatest common factor of 300 and b.
6
Suppose 2*g = n - 50, 4*g = -14 + 10. What is the greatest common divisor of 1284 and n?
12
Let s(d) = -8*d**2 + 898*d - 152. Let f be s(108). Calculate the highest common divisor of 1265 and f.
55
Let f = -255613 + 255668. Let o = -1 - 2. Let j be 136/6 - (-2)/o. Calculate the highest common divisor of j and f.
11
Let m(l) = l**3 - 10*l**2 + 3*l - 20. Let t be ((-10)/6)/((-3)/18). Let x be m(t). Calculate the highest common divisor of 10 and x.
10
Let n(k) = k**3 + 6*k**2 - 4*k - 3. Suppose -t - t = 12. Let w be n(t). Suppose -6*u = -41*u + 980. Calculate the greatest common factor of u and w.
7
Let s(m) = 103*m - 1413. Let v be s(14). Let q(t) = 4*t**2 + 9*t - 3. Let i be q(-7). Let f = 304 - i. What is the greatest common divisor of v and f?
29
Let t(m) be the first derivative of m**4/2 - 16*m**3/3 - 8*m**2 - 11*m + 58. Let i be t(9). What is the highest common factor of 14 and i?
7
Let s = 6 + 4. Let h(t) = t**3 + 8*t**2 + 12*t + 6. Let r be h(-6). Let d(l) = -3*l + 23. Let c be d(r). What is the highest common divisor of c and s?
5
Let y = 64 - 53. Suppose -783 = y*w + 31. Let a = w - -116. Calculate the greatest common factor of a and 14.
14
Let v = -8452 + 12910. Calculate the highest common factor of 6 and v.
6
Let i(u) = -u + 10. Let q be i(0). Let n = 25 - -101. Suppose -2*g + n = -94. What is the highest common factor of g and q?
10
Suppose 0 = d - 4*c - 60, -4*d + 230 = 5*c - 10. Let b be 7/3 + (-7)/(-84)*-4. What is the greatest common factor of b and d?
2
Suppose 0 = -283*f + 289*f + 840. Let k = f + 231. Let j(a) = a**2 - 3. Let r be j(-4). What is the greatest common divisor of k and r?
13
Let f = 1974 + -1398. Let l be f/45 - (-20)/(-25). Let q be (19 + -1)*2/3. Calculate the highest common factor of q and l.
12
Let l be 1 - (0 - (1 + 23)). Let n be (-1653)/(-232) + (-1)/8. Suppose n + l = 4*b. What is the greatest common factor of 4 and b?
4
Suppose -5*c = 3*w - 304, 0*w + 2*c = 2*w - 224. Suppose -51 = 3*z - 0*j + 3*j, -j + 4 = 0. Let m = 6 - z. Calculate the highest common factor of m and w.
27
Suppose -3*i - 2*l = -17898, 7*l + 15 = 2*l. What is the greatest common divisor of i and 16?
16
Let j be (22/10 + -3)/(42/315). Let c(x) = -x**3 - 2*x**2 + 6*x - 3. Let r be c(j). Calculate the greatest common divisor of r and 245.
35
Let z(m) = 48*m**2 + 5*m - 2. Let u be z(-2). Let j be (3 - -17)*(-20)/(-150)*u. Calculate the greatest common factor of 30 and j.
30
Let d = -529 + 931. Suppose 18*y = -2*l + 14*y + 260, 2*y - d = -3*l. Calculate the highest common factor of 8 and l.
8
Suppose -5*a = 3*a + 26*a - 986. Let o be (-2)/((2/203)/(-1)). Calculate the greatest common divisor of a and o.
29
Let w be (1/2)/(2/5472). Suppose 24*g = 30*g - w. Calculate the highest common factor of g and 12.
12
Suppose -279*u + 278*u = 3*g - 4125, -5*u + 4*g = -20625. Calculate the highest common divisor of 15 and u.
15
Let v(c) = 104*c. Let a be v(2). Let r = a + -104. Let b = r - 100. Calculate the highest common divisor of b and 12.
4
Suppose -65*s = g - 68*s - 8751, -2*g + 17439 = 3*s. What is the highest common factor of g and 36?
18
Suppose -5*v + 14 = -1. Let f(s) = 39*s - 61. Let z be f(18). Suppose -v*m - 263 + z = 0. What is the highest common factor of 18 and m?
18
Suppose -821 = -3*l + 3*b + 2*b, -3*b = -15. Suppose -140 = -l*r + 275*r. What is the highest common divisor of 1 and r?
1
Suppose 4*p + 5*r = 9598, 0*p - 2398 = -p - r. What is the greatest common divisor of 736 and p?
184
Suppose -4*a + g = -a + 896, 3*a = -5*g - 884. Let u be a/(-14) - (-66)/(-231). Let x be (75 - 3)*7/u. Calculate the greatest common divisor of 40 and x.
8
Suppose -72*b + 90*b + 8 - 80 = 0. What is the greatest common factor of b and 1330?
2
Let u = -450 - -512. Calculate the highest common divisor of u and 682.
62
Let y be 210/77*(-110)/(-25). Calculate the highest common factor of 1068 and y.
12
Let p = 13757 - 13281. What is the greatest common divisor of p and 1876?
28
Let j = 286 + -271. Let q(x) = -x**3 + x**2 + 165. Let n(i) = 2*i - 14. Let b be n(7). Let o be q(b). Calculate the greatest common factor of j and o.
15
Suppose 96 = 2*f + f. Let o(a) = 4*a + 16. Let c be o(-4). Suppose -8 = 5*v - 3, c = -5*s + 5*v + 85. Calculate the highest common factor of f and s.
16
Suppose -3*w + 9 + 21 = 0. Let m be (-10*2)/(w + -11). Let g = 1144 - 1084. What is the highest common divisor of g and m?
20
Suppose -7079 = -25*t + 26192 + 4229. What is the highest common divisor of t and 24?
12
Let y(k) = -k**3 + 7*k**2 + 10*k - 11. Let a be y(8). Suppose 10*v = -3*i - 41, 4*i - 5*v - 24 = 13. Calculate the greatest common factor of a and i.
1
Suppose 3*b + 4*n - 144 = 0, b + 259*n = 261*n + 48. Calculate the greatest common factor of b and 356.
4
Let n(a) = 207*a**2 - 55*a + 56. Let v be n(1). What is the highest common divisor of 272 and v?
16
Let g = -20507 - -33334. Calculate the highest common divisor of g and 101.
101
Let p(g) = 5*g**2 - 147*g + 1098. Let d be p(20). What is the greatest common factor of 869 and d?
79
Let q(d) = d**3 + 47*d**2 - 3*d - 131. Let r be q(-47). Suppose r = 3*k - y - 38, 0 = 2*y + 6. Calculate the highest common factor of k and 375.
15
Let q be 110/18 - (-16)/(-144) - -1270. Calculate the highest common divisor of 33 and q.
11
Let c(q) = -q**3 - 21*q - 23*q - 25*q**2 + 29*q + 57. Let b be c(-25). Suppose -4*k - b = -6*k. Calculate the greatest common factor of k and 54.
54
Suppose -a - 401 = 5*q, 4*a + 1059 = -2*q - 509. Let w = a + 529. Calculate the highest common divisor of w and 115.
23
Suppose 2*p = 8*o - 3*o + 703, -2*o + 1466 = 4*p. Suppose 5*y = 3*k + y - 1092, k = 4*y + p. Calculate the greatest common divisor of 130 and k.
26
Let k be (-3)/(-2)*12/9. Let z be k/(-4)*4 + 12. Suppose -3*b - 7 = -4*b, 2*r - 199 = 3*b. What is the greatest common factor of r and z?
10
Suppose -5*g - 232 = 2*l + 75, -g + 469 = -3*l. Let x = l + 287. Let v = 19 + x. Calculate the highest common factor of v and 50.
50
Let a(d) = 12*d**2 + 45*d - 6. Let y be a(-4). Suppose 150 = y*b + 144. Let m be 47/3 - (-2)/(-3). What is the highest common factor of b and m?
1
Suppose -3*d - 40 = -2*z, d = -5*z - 135 + 252. What is the highest common factor of 943 and z?
23
Suppose -64*s = -21*s - 3225. Suppose 29 = 3*r - 106. Calculate the highest common divisor of s and r.
15
Let t be 8/(-14) - (-436)/28. Suppose t = 18*j - 13*j. Suppose -3*z + 5*k = 2*k - j, 0 = -5*z + 2*k + 5. What is the greatest common factor of z and 4?
1
Suppose -n + 161 = 5*j, 3*n - 5 = -2*n. Suppose -j - 16 = 8*l. Let m be -2 - (-15 - 14)/((-2)/l). Calculate the highest common factor of m and 5.
5
Suppose -4*m - 6*n = -135 - 91, 3*n - 55 = -m. Calculate the greatest common factor of m and 232.
58
Suppose 2589 = 3*v - 121*x + 120*x, 4*x = 12. Calculate the highest common divisor of 1824 and v.
96
Let f be (-42)/(-273) + 3/((-39)/(-37)). Let d = -464 - -794. Suppose -2*g + d = f*g. Calculate the greatest common divis